**2 + 83*y - 866. Let n be w(9). Calculate the greatest common divisor of n and 5848.
43
Let i be ((-5)/1 + 0 - (14 + -235)) + 0. What is the greatest common factor of i and 76?
4
Suppose 5 - 28 = -5*f + z, -22 = -4*f + 2*z. Suppose -6*j = -f*j + 36. Let w = j - -33. Calculate the greatest common divisor of w and 5.
5
Let r = -386 + 397. Let u be (r*1)/((-101)/(-808)). Calculate the highest common divisor of 16 and u.
8
Let i = 380 - 290. Suppose 5*x = -3*b + 6, 3*x + 6*b + 6 = b. Let g be 10/(0 + x + -2). Calculate the greatest common divisor of i and g.
10
Suppose 2*w - 3*v - 103 = 0, 0 = 2*w - 0*v - 4*v - 104. Let c be (-12)/66 + 178/11 - -2. Suppose c = 3*t - 12. Calculate the greatest common divisor of t and w.
10
Let s be 8/12*(-408)/16. Let u = s - -38. What is the greatest common factor of 14 and u?
7
Let k(o) = o**3 + 4*o**2 - 3*o + 12. Let x be k(-5). Suppose u = x + 1. Suppose -29 = -u*y + 79. What is the greatest common divisor of y and 396?
36
Let f(j) = j**2 - 4*j - 28. Suppose 48 = 5*h - 2. Let s be f(h). Suppose -4*g - 46 = -2*t, -5*g = -0*t - t + s. What is the greatest common divisor of t and 51?
17
Suppose -2 = a, 3*n + a - 13 - 6 = 0. Suppose 445 + 506 = 111*q + 174. Calculate the highest common factor of q and n.
7
Suppose -w - 35 = -2*q, -4*q - w + 0*w = -55. Let h be q/(-10)*2 - -21. Calculate the highest common factor of h and 18.
18
Let s be 3/21*(3958 - 3). Calculate the greatest common factor of 25 and s.
5
Suppose 3*g - 635 + 1994 = 3*i, 0 = 4*i + 2*g - 1824. What is the highest common divisor of 3367 and i?
91
Suppose 0 = -2*a + 4. Suppose -a*r = -4 - 44. Let q(h) = 1139*h + 4592. Let k be q(-4). What is the highest common divisor of k and r?
12
Suppose a - 30 = 2*v, 4*a + 3*v - 191 + 27 = 0. Let k(f) = 4*f**2 - 148*f - 1599. Let b be k(-9). What is the highest common factor of a and b?
19
Suppose 6*n = n - 3*i + 145, -4*n = 5*i - 116. Suppose n + 147 = 11*j. What is the highest common divisor of 208 and j?
16
Suppose -112 = 1780*s - 1784*s. What is the greatest common divisor of 20 and s?
4
Let i be (-10)/(-20)*2*(-2040 - -1). Let a = -1170 - i. What is the greatest common divisor of 79 and a?
79
Let f be 11 + 9622/(-4) + (-10)/(-4). Let o be f/(-20)*(-90)/(-36). What is the highest common divisor of o and 23?
23
Suppose 4*n - 3*k - 2124 = 0, 2124 = 4*n + 298*k - 297*k. What is the highest common divisor of n and 126?
9
Let y(u) = 3 + 12*u + 5*u + 3*u - 4*u. Let k be y(1). Suppose -4*d = -2*d - 3*b - 29, -2*d + b + k = 0. What is the greatest common divisor of d and 35?
7
Let t(x) = -21*x**2 + 8*x - 7. Let i(y) = y**2 + y - 1. Let l(s) = 5*i(s) - t(s). Let u be l(2). Let f = u - 70. What is the highest common divisor of f and 45?
15
Let a = 42 + -74. Let r = 56 + a. Suppose 0 = 4*l - 2*z - 72, 12 = 2*l + 3*z + 2*z. Calculate the greatest common divisor of l and r.
8
Suppose -44*y - 14*y + 1898 + 1234 = 0. What is the highest common divisor of y and 27?
27
Suppose 0 = -4*l + 11 - 3. Let c(w) = 3*w**2 - w**3 - 6*w**l + 0*w**3 - 5. Let b be c(-4). What is the highest common divisor of 77 and b?
11
Suppose 5926*x - 231 = 5905*x. Calculate the highest common factor of x and 2167.
11
Let m(a) = 125*a + 539. Let j be m(-4). What is the greatest common factor of j and 91?
13
Suppose -2*q + 35 = -l, -12*q + 72 = -8*q - 4*l. What is the highest common factor of q and 3893?
17
Let a = 115 + -62. Let t be ((-360)/27 + 10)*-159. Calculate the greatest common divisor of t and a.
53
Suppose 2*a + 5*x = 9677, -39*x + 34*x + 19369 = 4*a. What is the highest common factor of 2 and a?
2
Let v(s) = -2*s**2 + 4*s - 8. Let o be v(7). Let c = o + 83. Suppose 0 = -c*h + 8*h - 312. What is the greatest common factor of 8 and h?
8
Let q be ((-380)/28 - -13)/((-8)/84). What is the greatest common factor of 1971 and q?
3
Suppose 19*o - 77978 = -18527. What is the greatest common factor of o and 21?
21
Suppose 683 + 813 = 11*l. What is the highest common divisor of 986 and l?
34
Let f = 616 - -311. Let a(h) = 347*h - 685. Let l be a(2). Calculate the greatest common factor of f and l.
9
Suppose -3*h + 279 = 3*w, -121 = -w + 2*h - 28. What is the highest common divisor of w and 248?
31
Let v be -1*(1/1 - 2) + 5. Let i = v + -2. Suppose i*d = 16, 0*z - z + 4*d = 14. Calculate the greatest common factor of 18 and z.
2
Let n = -521 - -515. Let k be -21*(910/(-105) + 4/n). What is the highest common factor of k and 7?
7
Let c be 6/(-27) + (125/20)/((-189)/(-672)). What is the highest common factor of c and 6567?
11
Let l be (-9222)/(-21 - -22 - 3). Calculate the greatest common divisor of l and 1131.
87
Let x be 24/(((-18)/(-60))/(2/10)). Suppose -18*u - 10 = -x*u. Let f be 2*1 + (-5 - 20/u). Calculate the highest common divisor of f and 8.
1
Let p be (35 + 806)*(-4 - -3). Let c = p - -941. Calculate the greatest common divisor of c and 4.
4
Suppose 0 = -2*m - 2*s - 3*s + 626, -m - 4*s + 319 = 0. Let z = m - 291. What is the greatest common factor of z and 4?
4
Suppose 1564 = 7*y - 746. Suppose j = -5*z - 0*z + y, -2*j + 630 = -5*z. Calculate the greatest common factor of 5 and j.
5
Let t(p) = 21*p - 3. Let a be t(4). Let o(c) = -c**3 - 35*c**2 + 80*c + 240. Let w be o(-37). Calculate the greatest common factor of a and w.
9
Suppose -42*t = 5*v - 39*t - 6200, -4*v + 4960 = -2*t. Calculate the greatest common divisor of 775 and v.
155
Let l(t) = 266*t + 1128. Let w be l(-4). What is the greatest common factor of 624 and w?
16
Let l be -12*-1*3/9. Let k be (-8)/(-5)*(-555)/(-444). Suppose -l*o = 5*a - 56, o = k*a - 11 - 14. What is the highest common divisor of a and 12?
12
Let g(i) = i**2 + 20*i + 103. Let l be g(-11). Suppose -1 = s, l*c - 32 = -s + 15. Let k = -2 + 22. Calculate the greatest common divisor of c and k.
4
Let q be ((-1199)/99 + 9)*(-18)/4. Let w be 2736/q + (-108)/(-189). Calculate the greatest common divisor of w and 28.
28
Let p(v) = 185*v**2 - 92*v + 828. Let q be p(8). What is the greatest common factor of q and 380?
76
Suppose 70*m = 75*m - 35. Let g be (1 + 1 - 0) + (m - 0). What is the greatest common factor of g and 45?
9
Suppose 4*s - z + 92 = 1429, 3*z + 1014 = 3*s. What is the greatest common divisor of 1517 and s?
37
Suppose -318*q = 240*q - 3348. Let w(u) = 2*u**3 - 6*u**2 + 5*u - 5. Let p be w(5). Suppose -8*o + p = -3*o. Calculate the highest common divisor of q and o.
6
Let q = -158 + 202. Let m(w) = 419*w**3 - w. Let y be m(1). Calculate the greatest common factor of y and q.
22
Let z(r) = 56*r**2 + r - 12. Let p = 21 + -9. Let w be (-2)/(-5 + 52/p). Let n be z(w). What is the highest common factor of 55 and n?
55
Suppose -o + 20 = j, -4*j + 5 + 11 = 0. Let p = o - 14. Let m = -437 - -445. Calculate the greatest common divisor of m and p.
2
Let d = -191057 - -191074. Let j(a) = a**3 + 8*a**2 + 6*a - 2. Let g be j(-6). Calculate the highest common factor of d and g.
17
Let i be (-3*7/35)/(1/(-125)). Let z = i + -67. Let a be (-2)/z + (-9)/(-4). Calculate the highest common divisor of 14 and a.
2
Let m(k) = -4*k**2 - 19*k + 47. Let j(o) = -o**2 + o + 2. Let y(u) = -6*j(u) + m(u). Let b be y(11). What is the highest common divisor of 2 and b?
2
Suppose -85090 = -5*i - 2*b, 0 = -2*i - 3*b + 4650 + 29375. What is the greatest common factor of i and 10?
10
Let r = -2 - -6. Let q = -5864 - -5878. Calculate the highest common divisor of r and q.
2
Suppose -3*l - 14 + 59 = 0. Suppose -17*d + 108 = -l*d. What is the greatest common divisor of d and 90?
18
Let c = -1286 + 2144. Let k be c/231 + (-2)/(-14)*2. Suppose -q - k*m + 12 = 0, -5*q + 4*m = 3*m - 18. What is the greatest common factor of q and 1?
1
Suppose 12*x + 29*x + 82 = 0. Let a be (-5 - 92/(-16))/(x/(-48)). Calculate the highest common factor of 48 and a.
6
Let g(i) = -418*i + 15. Let n be g(-1). Let b = n - 381. Calculate the highest common divisor of b and 416.
52
Suppose 0 = 4*f + 5*w - 65, 0 = -7*f + 11*f - 2*w - 30. Let c be (-447)/(-9) - 7/(-21). What is the highest common divisor of f and c?
10
Let o(f) = 7*f**3 + 28*f**2 + 28. Let c be o(-4). Let d(v) = v - 8. Let x be d(-6). Let w be 4/x - 1570/(-7). What is the greatest common divisor of c and w?
28
Let w = 39 + -37. Suppose 2*x = -w*t - 0*x - 8, x = t - 4. Suppose t = -b + 2 + 15. What is the high